osite number?
False
Is 144721 a composite number?
True
Is 17863 composite?
False
Is 2339515 prime?
False
Is 3935 prime?
False
Is 689 prime?
False
Is 8527 prime?
True
Is 7613 prime?
False
Is 21005 a composite number?
True
Is 33851 prime?
True
Is 1814 composite?
True
Is 12889 composite?
False
Is 2533 prime?
False
Is 14417 a prime number?
False
Is 1381 a composite number?
False
Is 239819 composite?
True
Is 57977 a composite number?
False
Is 118933 a prime number?
False
Is 20011 a prime number?
True
Is 1157401 a composite number?
True
Is 86837 a composite number?
False
Is 51257 composite?
False
Is 849445 prime?
False
Is 296767 composite?
False
Is 41429 composite?
True
Is 803881 prime?
False
Is 2183 prime?
False
Is 378967 composite?
False
Is 30671 prime?
True
Is 6347 prime?
False
Is 320813 composite?
True
Is 497615 a prime number?
False
Is 14143 a composite number?
False
Is 165887 a prime number?
True
Is 5809 a prime number?
False
Is 28585 composite?
True
Is 108133 a prime number?
False
Is 14489 a prime number?
True
Is 5221 a prime number?
False
Is 3251 prime?
True
Is 2498 a composite number?
True
Is 64963 prime?
False
Is 268303 a prime number?
False
Is 59113 prime?
True
Is 32183 composite?
False
Is 12721 a prime number?
True
Is 25013 composite?
False
Is 144151 prime?
False
Is 30931 a composite number?
False
Is 7501 composite?
True
Is 6709 prime?
True
Is 465151 a composite number?
False
Is 182167 a prime number?
True
Is 26357 prime?
True
Is 23774 a prime number?
False
Is 1523 composite?
False
Is 706 composite?
True
Is 22717 prime?
True
Is 52837 prime?
True
Is 7907 a prime number?
True
Is 21053 prime?
False
Is 2179 composite?
False
Is 828533 prime?
False
Is 180233 a prime number?
True
Is 575521 a composite number?
True
Is 70703 prime?
False
Is 22121 prime?
False
Is 156019 composite?
False
Is 2293 a composite number?
False
Is 18637 composite?
False
Is 87577 composite?
True
Is 34211 prime?
True
Is 1189403 composite?
False
Is 29053 a prime number?
False
Is 751 prime?
True
Is 78377 composite?
True
Is 1969 a composite number?
True
Is 11371 a composite number?
True
Is 9601 prime?
True
Is 70637 composite?
True
Is 47761 a prime number?
False
Is 19847 prime?
False
Is 196991 composite?
False
Is 12515 a prime number?
False
Is 1661 a prime number?
False
Is 74135 a composite number?
True
Is 44947 a prime number?
False
Is 2579 a composite number?
False
Is 1434707 a prime number?
True
Is 54907 prime?
True
Is 38543 composite?
False
Is 409 a composite number?
False
Is 255947 prime?
True
Is 114143 a prime number?
True
Is 329737 composite?
True
Is 563714 composite?
True
Is 5057 composite?
True
Is 391 prime?
False
Is 29329 prime?
False
Is 9257 a prime number?
True
Is 12401 a prime number?
True
Is 17249 a composite number?
True
Is 24643 prime?
False
Is 1452587 a prime number?
False
Is 73751 a prime number?
True
Is 307822 composite?
True
Is 3857383 prime?
True
Is 16787 a prime number?
True
Is 15821 prime?
False
Is 165079 prime?
True
Is 206879 composite?
False
Is 77881 a composite number?
True
Is 84827 a prime number?
True
Is 747811 a composite number?
False
Is 211427 a prime number?
True
Is 6053 composite?
False
Is 3251 prime?
True
Is 34649 composite?
False
Is 78643 a composite number?
False
Is 114117 a composite number?
True
Is 12239 a composite number?
False
Is 8999 prime?
True
Is 1649 a composite number?
True
Is 44734 composite?
True
Is 10297 composite?
True
Is 166823 a prime number?
True
Is 19219 a composite number?
False
Is 122714 a prime number?
False
Is 65914 composite?
True
Is 356483 a composite number?
True
Is 28949 composite?
False
Is 108403 a prime number?
False
Is 48149 prime?
False
Is 418445 a prime number?
False
Is 60529 a composite number?
True
Is 31531 composite?
False
Is 49601 a prime number?
False
Is 4399 a composite number?
True
Is 383917 a composite number?
False
Is 154723 prime?
True
Is 13963 prime?
True
Is 3251 prime?
True
Is 3973 a prime number?
False
Is 11677 composite?
False
Is 20993 composite?
True
Is 2062 a composite number?
True
Is 107243 prime?
True
Is 24317 prime?
True
Is 668399 prime?
False
Is 5563 prime?
True
Is 216131 composite?
True
Is 5279 prime?
True
Is 36913 composite?
False
Is 228443 a composite number?
False
Is 124421 prime?
False
Is 6595 a composite number?
True
Is 93779 a prime number?
False
Is 1193 a prime number?
True
Is 4621 prime?
True
Is 12373 a composite number?
False
Is 52289 a composite number?
False
Is 733 a composite number?
False
Is 2503 a composite number?
False
Is 508009 composite?
False
Is 165185 composite?
True
Is 226531 a prime number?
True
Is 42281 a composite number?
False
Is 279559 prime?
False
Is 62767 a prime number?
False
Is 171334 a prime number?
False
Is 24169 prime?
True
Is 7331 composite?
False
Is 187021 prime?
False
Is 5261 a composite number?
False
Is 1112197 a composite number?
False
Is 2427301 a composite number?
False
Is 364957 prime?
False
Is 3659 a prime number?
True
Is 479081 composite?
False
Is 28831 composite?
True
Is 75401 composite?
False
Is 293 a prime number?
True
Is 16183 a prime number?
True
Is 10369 a prime number?
True
Is 140707 composite?
True
Is 10477 a prime number?
True
Is 23663 composite?
False
Is 200063 a prime number?
True
Is 13817 a composite number?
True
Is 307361 a prime number?
True
Is 2632137 a composite number?
True
Is 693061 a prime number?
True
Is 2229963 composite?
True
Is 8203 prime?
False
Is 100819 prime?
False
Is 7043 a prime number?
True
Is 38777 a prime number?
False
Is 27505 a composite number?
True
Is 50831 a prime number?
False
Is 80165 composite?
True
Is 1834193 prime?
True
Is 26135 prime?
False
Is 138101 prime?
True
Is 955519 a prime number?
False
Is 2041 a prime number?
False
Is 5428741 prime?
False
Is 366329 prime?
True
Is 3239 a prime number?
False
Is 3863 a composite number?
False
Is 72551 a prime number?
True
Is 622721 a prime number?
False
Is 25295 prime?
False
Is 87821 a composite number?
True
Is 171233 prime?
True
Is 129949 prime?
False
Is 394333 composite?
True
Is 12718 composite?
True
Is 73589 composite?
False
Is 3223 a composite number?
True
Is 35047 prime?
False
Is 38039 a composite number?
False
Is 92501 a composite number?
True
Is 86421 a prime number?
False
Is 7993 a composite number?
False
Is 192785 composite?
True
Is 864883 prime?
True
Is 359 a composite number?
False
Is 39421 a prime number?
False
Is 173035 prime?
False
Is 12587 prime?
False
Is 10921 a composite number?
True
Is 41089 composite?
True
Is 14437 composite?
False
Is 7069 a prime number?
True
Is 820433 a composite number?
True
Is 180211 composite?
False
Is 11579 a composite number?
False
Is 37 a composite number?
False
Is 22267 prime?
False
Is 16673 a composite number?
False
Is 669323 a prime number?
False
Is 4439 a prime number?
False
Is 10102 a prime number?
False
Is 2554 composite?
True
Is 245317 a prime number?
True
Is 22177 prime?
False
Is 411883 a composite number?
False
Is 1059 composite?
True
Is 590641 a prime number?
True
Is 942815 a composite number?
True
Is 1633 a prime number?
False
Is 17093 a prime number?
True
Is 16979 a prime number?
True
Is 112787 composite?
False
Is 12419 a prime number?
False
Is 8467 a prime number?
True
Is 451721 a composite number?
True
Is 2149253 a prime number?
False
Is 87049 a prime number?
True
Is 79301 a composite number?
False
Is 110681 a composite number?
False
Is 490357 a prime number?
False
Is 4001 a prime number?
True
Is 3239 a composite number?
True
Is 3227 a prime number?
False
Is 5257 prime?
False
Is 1959179 prime?
True
Is 85357 prime?
False
Is 56062 a prime number?
False
Is 215531 composite?
False
Is 773147 a prime number?
True
Is 260327 a prime number?
False
Is 1117 a prime number?
True
Is 43405 a composite number?
True
Is 18701 composite?
False
Is 842767 a composite number?
False
Is 4201 a prime number?
True
Is 17729 a prime number?
True
Is 1452362 a composite number?
True
Is 14143 composite?
False
Is 69995 prime?
False
Is 609335 composite?
True
Is 3833 a composite number?
False
Is 7861 a prime number?
False
Is 907757 prime?
True
Is 184657 composite?
True
Is 1329 composite?
True
Is 36493 a prime number?
True
Is 1543 a prime number?
True
Is 1085509 a prime number?
True
Is 1159187 composite?
False
Is 6299 a prime number?
True
Is